e the prime factors of 9371518128?
2, 3, 7, 442721
List the prime factors of 188328818.
2, 547, 172147
List the prime factors of 3451436877.
3, 7, 71, 439, 5273
What are the prime factors of 222248346?
2, 3, 37041391
What are the prime factors of 60793452?
2, 3, 337, 5011
What are the prime factors of 168651799?
168651799
List the prime factors of 1087734529.
7, 53, 73, 40163
What are the prime factors of 785546883?
3, 11, 21859
What are the prime factors of 135160686?
2, 3, 83, 90469
What are the prime factors of 890246580?
2, 3, 5, 367, 40429
What are the prime factors of 1281514339?
7, 1429, 128113
What are the prime factors of 384588998?
2, 1973, 97463
List the prime factors of 3216072442.
2, 11, 97, 307, 4909
List the prime factors of 3063646483.
17, 23, 7835413
List the prime factors of 337877852.
2, 13, 197, 32983
What are the prime factors of 383522622?
2, 3, 7, 29, 314879
What are the prime factors of 62965040?
2, 5, 179, 4397
What are the prime factors of 1404776740?
2, 5, 109, 307, 2099
List the prime factors of 782039968.
2, 43, 263, 2161
List the prime factors of 40450319.
7, 13, 31, 1103
List the prime factors of 46236137.
43, 1075259
What are the prime factors of 372933342?
2, 3, 6906173
What are the prime factors of 343551007?
5003, 68669
What are the prime factors of 55340182?
2, 2579, 10729
What are the prime factors of 4254256?
2, 265891
List the prime factors of 54353777.
17, 37, 86413
List the prime factors of 218000517.
3, 7, 1381, 7517
What are the prime factors of 78559273?
13, 2099, 2879
What are the prime factors of 31171587?
3, 10390529
List the prime factors of 1934691974.
2, 967345987
What are the prime factors of 29021487?
3, 11, 31, 2579
What are the prime factors of 5447721?
3, 1815907
List the prime factors of 312170307.
3, 104056769
List the prime factors of 79518604.
2, 11, 709, 2549
List the prime factors of 153945727.
13, 17, 47, 14821
What are the prime factors of 6690908725?
5, 23, 223, 52181
What are the prime factors of 585031259?
585031259
What are the prime factors of 252454531?
7, 47, 767339
List the prime factors of 146687561.
3221, 45541
What are the prime factors of 546489840?
2, 3, 5, 13, 71, 2467
List the prime factors of 24214791.
3, 23, 163, 2153
What are the prime factors of 2205912567?
3, 735304189
What are the prime factors of 254514461?
2939, 86599
List the prime factors of 243277113.
3, 81092371
What are the prime factors of 22624033?
22624033
What are the prime factors of 2165869641?
3, 13, 19, 97, 30133
List the prime factors of 48512681.
7, 19, 23, 15859
List the prime factors of 84037852.
2, 3877, 5419
What are the prime factors of 24947098?
2, 11, 1133959
What are the prime factors of 2977897976?
2, 3911, 95177
List the prime factors of 313125205.
5, 233, 268777
List the prime factors of 1560288031.
9127, 170953
What are the prime factors of 1063876593?
3, 13, 349, 78163
What are the prime factors of 158517942?
2, 3, 11, 31, 77477
What are the prime factors of 143094146?
2, 13, 5503621
What are the prime factors of 3495490553?
19, 29, 6343903
What are the prime factors of 25417324?
2, 6354331
List the prime factors of 574783442.
2, 287391721
List the prime factors of 37533385.
5, 7506677
What are the prime factors of 1144631067?
3, 4519, 84431
What are the prime factors of 54771076?
2, 17, 293, 2749
What are the prime factors of 2723540209?
13, 4967, 42179
What are the prime factors of 524004660?
2, 3, 5, 613, 1583
What are the prime factors of 110407511?
2677, 41243
What are the prime factors of 29581886?
2, 14790943
List the prime factors of 1676243089.
821, 2041709
List the prime factors of 1855543857.
3, 19, 73, 445937
List the prime factors of 8820494.
2, 41, 263, 409
What are the prime factors of 230507804?
2, 6091, 9461
What are the prime factors of 30129292?
2, 7532323
List the prime factors of 1496488009.
1496488009
List the prime factors of 1057017831.
3, 23, 15319099
What are the prime factors of 4006075851?
3, 445119539
List the prime factors of 1389849346.
2, 694924673
What are the prime factors of 2527511410?
2, 5, 373, 467, 1451
What are the prime factors of 108360669?
3, 17, 593, 3583
What are the prime factors of 14167641?
3, 4722547
List the prime factors of 203175095.
5, 239, 170021
List the prime factors of 50483444.
2, 11, 1147351
List the prime factors of 144430222.
2, 7561, 9551
What are the prime factors of 262255665?
3, 5, 7, 2497673
What are the prime factors of 324448000?
2, 5, 10139
List the prime factors of 72790035.
3, 5, 4852669
List the prime factors of 2967973484.
2, 7, 47, 2255299
What are the prime factors of 1692012994?
2, 7, 79, 1529849
What are the prime factors of 2451890347?
29, 31, 73, 37361
List the prime factors of 643541834.
2, 13, 17, 31, 67, 701
What are the prime factors of 137939361?
3, 7, 61, 15383
What are the prime factors of 6033684598?
2, 67, 97, 464201
What are the prime factors of 92099765?
5, 43, 127, 3373
List the prime factors of 4000032376.
2, 89, 227, 24749
What are the prime factors of 31225379?
17, 19, 277, 349
List the prime factors of 344499921.
3, 73, 524353
List the prime factors of 415469377.
415469377
List the prime factors of 137003695.
5, 157, 174527
List the prime factors of 134199937.
131, 1024427
What are the prime factors of 16395043?
7, 19, 131, 941
List the prime factors of 51209195.
5, 61, 167899
What are the prime factors of 2501781352?
2, 7, 83, 538249
List the prime factors of 2571964084.
2, 239, 443, 6073
What are the prime factors of 846298176?
2, 3, 311, 14173
What are the prime factors of 1466608265?
5, 293321653
List the prime factors of 92203564.
2, 131, 175961
List the prime factors of 178453570.
2, 5, 701, 25457
What are the prime factors of 728842119?
3, 151, 431, 3733
What are the prime factors of 363507513?
3, 121169171
What are the prime factors of 13151212?
2, 3287803
List the prime factors of 103111373.
47, 661, 3319
List the prime factors of 311879949.
3, 29, 1471, 2437
List the prime factors of 18555639.
3, 31, 199523
What are the prime factors of 227938638?
2, 3, 739, 51407
List the prime factors of 363022734.
2, 3, 5471, 11059
What are the prime factors of 2744108390?
2, 5, 53, 101, 51263
List the prime factors of 32660328.
2, 3, 1360847
List the prime factors of 755337573.
3, 37, 2268281
What are the prime factors of 249595327?
249595327
List the prime factors of 123628739.
13, 731531
List the prime factors of 3191947880.
2, 5, 11, 17, 426731
List the prime factors of 123926388.
2, 3, 1427, 7237
What are the prime factors of 4602635277?
3, 41, 37419799
What are the prime factors of 650272710?
2, 3, 5, 41, 233, 2269
List the prime factors of 110618029.
110618029
What are the prime factors of 127481595?
3, 5, 59, 283, 509
What are the prime factors of 389219283?
3, 59, 73, 3347
What are the prime factors of 142043241?
3, 109, 434383
List the prime factors of 2070349548.
2, 3, 172529129
List the prime factors of 1187230676.
2, 659, 450391
What are the prime factors of 59816935?
5, 11963387
What are the prime factors of 479935049?
11, 43630459
List the prime factors of 1191030667.
29, 41070023
What are the prime factors of 16824317?
16824317
What are the prime factors of 872346118?
2, 7, 179, 223
What are the prime factors of 1227723762?
2, 3, 23, 41, 97, 2237
What are the prime factors of 2900491375?
5, 23203931
What are the prime factors of 4171835949?
3, 47, 29587489
What are the prime factors of 1299537827?
7, 47, 139, 157, 181
What are the prime factors of 5731851816?
2, 3, 139, 190909
What are the prime factors of 44224199?
41, 607, 1777
What are the prime factors of 932112127?
19, 49058533
What are the prime factors of 89397994?
2, 7, 37, 172583
List the prime factors of 21125988.
2, 3, 13, 41, 367
List the prime factors of 3576604095.
3, 5, 389, 204319
What are the prime factors of 12306556?
2, 29, 277, 383
What are the prime factors of 7522648?
2, 7, 134333
List the prime factors of 106461568.
2, 831731
List the prime factors of 3600347755.
5, 1213, 593627
What are the prime factors of 172676882?
2, 7, 31, 113, 503
List the prime factors of 39734184.
2, 3, 7, 163, 1451
List the prime factors of 99733953.
3, 11, 47, 64303
List the prime factors of 263394409.
263394409
List the 